{"id":510,"date":"2019-10-14T10:43:48","date_gmt":"2019-10-14T10:43:48","guid":{"rendered":"https:\/\/www.residenzaducato.it\/?page_id=510"},"modified":"2019-10-14T11:42:10","modified_gmt":"2019-10-14T11:42:10","slug":"residenza-ducato-12","status":"publish","type":"page","link":"https:\/\/www.residenzaducato.it\/es\/apartamentos\/residenza-ducato-12\/","title":{"rendered":"Residenza Ducato 12"},"content":{"rendered":"<p>Apartamento de 45 m\u00b2 con suelos de parquet.<\/p>\n<p>Se encuentra en el primer piso y est\u00e1 adaptado para personas de movilidad reducida.<br \/>\nLa cocina est\u00e1 separada de la sala de estar.<\/p>\n<p>En el dormitorio, configurado con una cama doble, tambi\u00e9n hay una chaise longue adecuada para la relajaci\u00f3n o como cama supletoria. Ba\u00f1o con ducha de sensaciones.<\/p>\n","protected":false},"excerpt":{"rendered":"<p>Apartamento de 45 m\u00b2 con suelos de parquet. Se encuentra en el primer piso y est\u00e1 adaptado para personas de movilidad reducida. La cocina est\u00e1 separada de la sala de estar. En el dormitorio, configurado con una cama doble, tambi\u00e9n hay una chaise longue adecuada para la relajaci\u00f3n o como cama supletoria. Ba\u00f1o con ducha [&hellip;]<\/p>\n","protected":false},"author":4,"featured_media":0,"parent":506,"menu_order":3,"comment_status":"closed","ping_status":"closed","template":"template-single-room.php","meta":{"footnotes":""},"class_list":["post-510","page","type-page","status-publish","hentry"],"yoast_head":"<!-- This site is optimized with the Yoast SEO plugin v26.9 - https:\/\/yoast.com\/product\/yoast-seo-wordpress\/ -->\n<title>Residenza Ducato 12 - Residenza Ducato Venezia<\/title>\n<meta name=\"robots\" content=\"index, follow, max-snippet:-1, max-image-preview:large, max-video-preview:-1\" \/>\n<link rel=\"canonical\" href=\"https:\/\/www.residenzaducato.it\/es\/apartamentos\/residenza-ducato-12\/\" \/>\n<meta property=\"og:locale\" content=\"es_ES\" \/>\n<meta property=\"og:type\" content=\"article\" \/>\n<meta property=\"og:title\" content=\"Residenza Ducato 12 - Residenza Ducato Venezia\" \/>\n<meta property=\"og:description\" content=\"Apartamento de 45 m\u00b2 con suelos de parquet. Se encuentra en el primer piso y est\u00e1 adaptado para personas de movilidad reducida. La cocina est\u00e1 separada de la sala de estar. En el dormitorio, configurado con una cama doble, tambi\u00e9n hay una chaise longue adecuada para la relajaci\u00f3n o como cama supletoria. Ba\u00f1o con ducha [&hellip;]\" \/>\n<meta property=\"og:url\" content=\"https:\/\/www.residenzaducato.it\/es\/apartamentos\/residenza-ducato-12\/\" \/>\n<meta property=\"og:site_name\" content=\"Residenza Ducato Venezia\" \/>\n<meta property=\"article:modified_time\" content=\"2019-10-14T11:42:10+00:00\" \/>\n<meta name=\"twitter:card\" content=\"summary_large_image\" \/>\n<script type=\"application\/ld+json\" class=\"yoast-schema-graph\">{\"@context\":\"https:\/\/schema.org\",\"@graph\":[{\"@type\":\"WebPage\",\"@id\":\"https:\/\/www.residenzaducato.it\/es\/apartamentos\/residenza-ducato-12\/\",\"url\":\"https:\/\/www.residenzaducato.it\/es\/apartamentos\/residenza-ducato-12\/\",\"name\":\"Residenza Ducato 12 - Residenza Ducato Venezia\",\"isPartOf\":{\"@id\":\"https:\/\/www.residenzaducato.it\/es\/#website\"},\"datePublished\":\"2019-10-14T10:43:48+00:00\",\"dateModified\":\"2019-10-14T11:42:10+00:00\",\"breadcrumb\":{\"@id\":\"https:\/\/www.residenzaducato.it\/es\/apartamentos\/residenza-ducato-12\/#breadcrumb\"},\"inLanguage\":\"es\",\"potentialAction\":[{\"@type\":\"ReadAction\",\"target\":[\"https:\/\/www.residenzaducato.it\/es\/apartamentos\/residenza-ducato-12\/\"]}]},{\"@type\":\"BreadcrumbList\",\"@id\":\"https:\/\/www.residenzaducato.it\/es\/apartamentos\/residenza-ducato-12\/#breadcrumb\",\"itemListElement\":[{\"@type\":\"ListItem\",\"position\":1,\"name\":\"Home\",\"item\":\"https:\/\/www.residenzaducato.it\/es\/\"},{\"@type\":\"ListItem\",\"position\":2,\"name\":\"Apartamentos\",\"item\":\"https:\/\/www.residenzaducato.it\/es\/apartamentos\/\"},{\"@type\":\"ListItem\",\"position\":3,\"name\":\"Residenza Ducato 12\"}]},{\"@type\":\"WebSite\",\"@id\":\"https:\/\/www.residenzaducato.it\/es\/#website\",\"url\":\"https:\/\/www.residenzaducato.it\/es\/\",\"name\":\"Residenza Ducato Venezia\",\"description\":\"Just another ms.decms.eu site\",\"potentialAction\":[{\"@type\":\"SearchAction\",\"target\":{\"@type\":\"EntryPoint\",\"urlTemplate\":\"https:\/\/www.residenzaducato.it\/es\/?s={search_term_string}\"},\"query-input\":{\"@type\":\"PropertyValueSpecification\",\"valueRequired\":true,\"valueName\":\"search_term_string\"}}],\"inLanguage\":\"es\"}]}<\/script>\n<!-- \/ Yoast SEO plugin. -->","yoast_head_json":{"title":"Residenza Ducato 12 - Residenza Ducato Venezia","robots":{"index":"index","follow":"follow","max-snippet":"max-snippet:-1","max-image-preview":"max-image-preview:large","max-video-preview":"max-video-preview:-1"},"canonical":"https:\/\/www.residenzaducato.it\/es\/apartamentos\/residenza-ducato-12\/","og_locale":"es_ES","og_type":"article","og_title":"Residenza Ducato 12 - Residenza Ducato Venezia","og_description":"Apartamento de 45 m\u00b2 con suelos de parquet. Se encuentra en el primer piso y est\u00e1 adaptado para personas de movilidad reducida. La cocina est\u00e1 separada de la sala de estar. En el dormitorio, configurado con una cama doble, tambi\u00e9n hay una chaise longue adecuada para la relajaci\u00f3n o como cama supletoria. Ba\u00f1o con ducha [&hellip;]","og_url":"https:\/\/www.residenzaducato.it\/es\/apartamentos\/residenza-ducato-12\/","og_site_name":"Residenza Ducato Venezia","article_modified_time":"2019-10-14T11:42:10+00:00","twitter_card":"summary_large_image","schema":{"@context":"https:\/\/schema.org","@graph":[{"@type":"WebPage","@id":"https:\/\/www.residenzaducato.it\/es\/apartamentos\/residenza-ducato-12\/","url":"https:\/\/www.residenzaducato.it\/es\/apartamentos\/residenza-ducato-12\/","name":"Residenza Ducato 12 - Residenza Ducato Venezia","isPartOf":{"@id":"https:\/\/www.residenzaducato.it\/es\/#website"},"datePublished":"2019-10-14T10:43:48+00:00","dateModified":"2019-10-14T11:42:10+00:00","breadcrumb":{"@id":"https:\/\/www.residenzaducato.it\/es\/apartamentos\/residenza-ducato-12\/#breadcrumb"},"inLanguage":"es","potentialAction":[{"@type":"ReadAction","target":["https:\/\/www.residenzaducato.it\/es\/apartamentos\/residenza-ducato-12\/"]}]},{"@type":"BreadcrumbList","@id":"https:\/\/www.residenzaducato.it\/es\/apartamentos\/residenza-ducato-12\/#breadcrumb","itemListElement":[{"@type":"ListItem","position":1,"name":"Home","item":"https:\/\/www.residenzaducato.it\/es\/"},{"@type":"ListItem","position":2,"name":"Apartamentos","item":"https:\/\/www.residenzaducato.it\/es\/apartamentos\/"},{"@type":"ListItem","position":3,"name":"Residenza Ducato 12"}]},{"@type":"WebSite","@id":"https:\/\/www.residenzaducato.it\/es\/#website","url":"https:\/\/www.residenzaducato.it\/es\/","name":"Residenza Ducato Venezia","description":"Just another ms.decms.eu site","potentialAction":[{"@type":"SearchAction","target":{"@type":"EntryPoint","urlTemplate":"https:\/\/www.residenzaducato.it\/es\/?s={search_term_string}"},"query-input":{"@type":"PropertyValueSpecification","valueRequired":true,"valueName":"search_term_string"}}],"inLanguage":"es"}]}},"acf":[],"_links":{"self":[{"href":"https:\/\/www.residenzaducato.it\/es\/wp-json\/wp\/v2\/pages\/510","targetHints":{"allow":["GET"]}}],"collection":[{"href":"https:\/\/www.residenzaducato.it\/es\/wp-json\/wp\/v2\/pages"}],"about":[{"href":"https:\/\/www.residenzaducato.it\/es\/wp-json\/wp\/v2\/types\/page"}],"author":[{"embeddable":true,"href":"https:\/\/www.residenzaducato.it\/es\/wp-json\/wp\/v2\/users\/4"}],"replies":[{"embeddable":true,"href":"https:\/\/www.residenzaducato.it\/es\/wp-json\/wp\/v2\/comments?post=510"}],"version-history":[{"count":0,"href":"https:\/\/www.residenzaducato.it\/es\/wp-json\/wp\/v2\/pages\/510\/revisions"}],"up":[{"embeddable":true,"href":"https:\/\/www.residenzaducato.it\/es\/wp-json\/wp\/v2\/pages\/506"}],"wp:attachment":[{"href":"https:\/\/www.residenzaducato.it\/es\/wp-json\/wp\/v2\/media?parent=510"}],"curies":[{"name":"wp","href":"https:\/\/api.w.org\/{rel}","templated":true}]}}

<p>Apartamento de 45 m² con suelos de parquet.</p>
<p>Se encuentra en el primer piso y está adaptado para personas de movilidad reducida.<br />
La cocina está separada de la sala de estar.</p>
<p>En el dormitorio, configurado con una cama doble, también hay una chaise longue adecuada para la relajación o como cama supletoria. Baño con ducha de sensaciones.</p>

<p>Apartamento de 45 m² con suelos de parquet. Se encuentra en el primer piso y está adaptado para personas de movilidad reducida. La cocina está separada de la sala de estar. En el dormitorio, configurado con una cama doble, también hay una chaise longue adecuada para la relajación o como cama supletoria. Baño con ducha [&hellip;]</p>

<!-- This site is optimized with the Yoast SEO plugin v26.9 - https://yoast.com/product/yoast-seo-wordpress/ -->
<title>Residenza Ducato 12 - Residenza Ducato Venezia</title>
<meta name="robots" content="index, follow, max-snippet:-1, max-image-preview:large, max-video-preview:-1" />
<link rel="canonical" href="https://www.residenzaducato.it/es/apartamentos/residenza-ducato-12/" />
<meta property="og:locale" content="es_ES" />
<meta property="og:type" content="article" />
<meta property="og:title" content="Residenza Ducato 12 - Residenza Ducato Venezia" />
<meta property="og:description" content="Apartamento de 45 m² con suelos de parquet. Se encuentra en el primer piso y está adaptado para personas de movilidad reducida. La cocina está separada de la sala de estar. En el dormitorio, configurado con una cama doble, también hay una chaise longue adecuada para la relajación o como cama supletoria. Baño con ducha [&hellip;]" />
<meta property="og:url" content="https://www.residenzaducato.it/es/apartamentos/residenza-ducato-12/" />
<meta property="og:site_name" content="Residenza Ducato Venezia" />
<meta property="article:modified_time" content="2019-10-14T11:42:10+00:00" />
<meta name="twitter:card" content="summary_large_image" />
<script type="application/ld+json" class="yoast-schema-graph">{"@context":"https://schema.org","@graph":[{"@type":"WebPage","@id":"https://www.residenzaducato.it/es/apartamentos/residenza-ducato-12/","url":"https://www.residenzaducato.it/es/apartamentos/residenza-ducato-12/","name":"Residenza Ducato 12 - Residenza Ducato Venezia","isPartOf":{"@id":"https://www.residenzaducato.it/es/#website"},"datePublished":"2019-10-14T10:43:48+00:00","dateModified":"2019-10-14T11:42:10+00:00","breadcrumb":{"@id":"https://www.residenzaducato.it/es/apartamentos/residenza-ducato-12/#breadcrumb"},"inLanguage":"es","potentialAction":[{"@type":"ReadAction","target":["https://www.residenzaducato.it/es/apartamentos/residenza-ducato-12/"]}]},{"@type":"BreadcrumbList","@id":"https://www.residenzaducato.it/es/apartamentos/residenza-ducato-12/#breadcrumb","itemListElement":[{"@type":"ListItem","position":1,"name":"Home","item":"https://www.residenzaducato.it/es/"},{"@type":"ListItem","position":2,"name":"Apartamentos","item":"https://www.residenzaducato.it/es/apartamentos/"},{"@type":"ListItem","position":3,"name":"Residenza Ducato 12"}]},{"@type":"WebSite","@id":"https://www.residenzaducato.it/es/#website","url":"https://www.residenzaducato.it/es/","name":"Residenza Ducato Venezia","description":"Just another ms.decms.eu site","potentialAction":[{"@type":"SearchAction","target":{"@type":"EntryPoint","urlTemplate":"https://www.residenzaducato.it/es/?s={search_term_string}"},"query-input":{"@type":"PropertyValueSpecification","valueRequired":true,"valueName":"search_term_string"}}],"inLanguage":"es"}]}</script>
<!-- / Yoast SEO plugin. -->

Apartamento de 45 m² con suelos de parquet. Se encuentra en el primer piso y está adaptado para personas de movilidad reducida. La cocina está separada de la sala de estar. En el dormitorio, configurado con una cama doble, también hay una chaise longue adecuada para la relajación o como cama supletoria. Baño con ducha [&hellip;]
